ate the remainder when 4496 is divided by 898.
6
Calculate the remainder when 46386 is divided by 38.
26
Calculate the remainder when 2604 is divided by 849.
57
Calculate the remainder when 5798 is divided by 418.
364
Calculate the remainder when 1405 is divided by 302.
197
What is the remainder when 72098 is divided by 366?
362
Calculate the remainder when 258605 is divided by 187.
171
Calculate the remainder when 46344 is divided by 46341.
3
Calculate the remainder when 8149 is divided by 151.
146
Calculate the remainder when 31504 is divided by 21.
4
Calculate the remainder when 8727 is divided by 2883.
78
What is the remainder when 121124 is divided by 17303?
3
What is the remainder when 10640 is divided by 3328?
656
What is the remainder when 54909 is divided by 18299?
12
What is the remainder when 655687 is divided by 190?
187
What is the remainder when 92179 is divided by 138?
133
Calculate the remainder when 2557 is divided by 707.
436
Calculate the remainder when 8552 is divided by 1425.
2
Calculate the remainder when 5078 is divided by 366.
320
Calculate the remainder when 372290 is divided by 49.
37
What is the remainder when 16470 is divided by 534?
450
What is the remainder when 28153 is divided by 14?
13
What is the remainder when 44146 is divided by 342?
28
Calculate the remainder when 12923 is divided by 25.
23
Calculate the remainder when 1632 is divided by 413.
393
Calculate the remainder when 31894 is divided by 15945.
4
Calculate the remainder when 35962 is divided by 51.
7
Calculate the remainder when 3144 is divided by 690.
384
Calculate the remainder when 27328 is divided by 1839.
1582
What is the remainder when 2964 is divided by 104?
52
Calculate the remainder when 206 is divided by 18.
8
What is the remainder when 2988 is divided by 57?
24
Calculate the remainder when 17766 is divided by 2212.
70
What is the remainder when 4347 is divided by 392?
35
What is the remainder when 147606 is divided by 189?
186
What is the remainder when 186768 is divided by 14?
8
What is the remainder when 691280 is divided by 23?
15
Calculate the remainder when 370 is divided by 282.
88
What is the remainder when 9213 is divided by 8276?
937
What is the remainder when 7951 is divided by 109?
103
Calculate the remainder when 8094 is divided by 113.
71
Calculate the remainder when 378600 is divided by 709.
703
What is the remainder when 182 is divided by 33?
17
What is the remainder when 1044 is divided by 429?
186
Calculate the remainder when 6869 is divided by 3431.
7
What is the remainder when 23785 is divided by 38?
35
What is the remainder when 14443 is divided by 4783?
94
Calculate the remainder when 2357 is divided by 628.
473
Calculate the remainder when 1654 is divided by 389.
98
Calculate the remainder when 26389 is divided by 1256.
13
Calculate the remainder when 28159 is divided by 450.
259
Calculate the remainder when 1738 is divided by 865.
8
What is the remainder when 59924 is divided by 82?
64
What is the remainder when 2904 is divided by 2888?
16
Calculate the remainder when 4999 is divided by 91.
85
What is the remainder when 3217 is divided by 643?
2
What is the remainder when 13908 is divided by 21?
6
What is the remainder when 8676 is divided by 4214?
248
What is the remainder when 95982 is divided by 6398?
12
Calculate the remainder when 2537079 is divided by 2296.
2295
Calculate the remainder when 31006 is divided by 68.
66
Calculate the remainder when 26132 is divided by 28.
8
Calculate the remainder when 1902 is divided by 1493.
409
Calculate the remainder when 4121688 is divided by 1517.
1516
What is the remainder when 11623 is divided by 116?
23
Calculate the remainder when 18019 is divided by 2251.
11
What is the remainder when 1605 is divided by 199?
13
What is the remainder when 38837 is divided by 747?
740
What is the remainder when 3145 is divided by 100?
45
What is the remainder when 1426 is divided by 22?
18
What is the remainder when 762257 is divided by 257?
252
Calculate the remainder when 12847 is divided by 12846.
1
Calculate the remainder when 40858 is divided by 43.
8
What is the remainder when 13539 is divided by 853?
744
Calculate the remainder when 6420 is divided by 222.
204
Calculate the remainder when 1443822 is divided by 465.
462
Calculate the remainder when 1820 is divided by 632.
556
What is the remainder when 1757196 is divided by 878598?
0
Calculate the remainder when 136124 is divided by 154.
142
What is the remainder when 1307 is divided by 713?
594
Calculate the remainder when 170388 is divided by 196.
64
What is the remainder when 13030 is divided by 1858?
24
What is the remainder when 113016 is divided by 28250?
16
Calculate the remainder when 491 is divided by 102.
83
Calculate the remainder when 14570 is divided by 7271.
28
What is the remainder when 3031 is divided by 504?
7
What is the remainder when 9607 is divided by 1200?
7
Calculate the remainder when 9379 is divided by 389.
43
What is the remainder when 5092 is divided by 1228?
180
What is the remainder when 4648 is divided by 19?
12
What is the remainder when 8789 is divided by 176?
165
Calculate the remainder when 57255 is divided by 19083.
6
Calculate the remainder when 14636 is divided by 327.
248
Calculate the remainder when 718 is divided by 331.
56
Calculate the remainder when 455096 is divided by 29.
28
Calculate the remainder when 1636 is divided by 855.
781
What is the remainder when 1006 is divided by 163?
28
Calculate the remainder when 2758 is divided by 69.
67
What is the remainder when 8825 is divided by 192?
185
What is the remainder when 10669 is divided by 3?
1
Calculate the remainder when 1726975 is divided by 128.
127
Calculate the remainder when 178506 is divided by 70.
6
What is the remainder when 14671 is divided by 2934?
1
Calculate the remainder when 2248 is divided by 740.
28
What is the remainder when 41270 is divided by 3749?
31
What is the remainder when 1565956 is divided by 167?
164
Calculate the remainder when 70096 is divided by 14.
12
What is the remainder when 7658 is divided by 223?
76
Calculate the remainder when 26276 is divided by 219.
215
What is the remainder when 1923 is divided by 397?
335
Calculate the remainder when 12053 is divided by 365.
8
What is the remainder when 1616 is divided by 42?
20
What is the remainder when 47079 is divided by 158?
153
Calculate the remainder when 375 is divided by 20.
15
Calculate the remainder when 7209 is divided by 483.
447
What is the remainder when 53885 is divided by 42?
41
Calculate the remainder when 7805 is divided by 128.
125
What is the remainder when 212178 is divided by 421?
415
What is the remainder when 40293 is divided by 316?
161
Calculate the remainder when 5434 is divided by 91.
65
What is the remainder when 41719 is divided by 316?
7
Calculate the remainder when 40636 is divided by 618.
466
What is the remainder when 6355 is divided by 527?
31
Calculate the remainder when 118444 is divided by 1316.
4
Calculate the remainder when 494203 is divided by 163.
150
What is the remainder when 2146 is divided by 244?
194
What is the remainder when 13334 is divided by 13206?
128
What is the remainder when 7142 is divided by 712?
22
Calculate the remainder when 315625 is divided by 126.
121
Calculate the remainder when 15737 is divided by 1430.
7
What is the remainder when 14315 is divided by 16?
11
What is the remainder when 197709 is divided by 197694?
15
What is the remainder when 8028 is divided by 23?
1
What is the remainder when 30026 is divided by 14?
10
Calculate the remainder when 65518 is divided by 21.
19
What is the remainder when 2934 is divided by 17?
10
What is the remainder when 23190 is divided by 156?
102
What is the remainder when 91893 is divided by 547?
544
What is the remainder when 24421 is divided by 471?
400
What is the remainder when 4491 is divided by 42?
39
Calculate the remainder when 6190 is divided by 269.
3
Calculate the remainder when 9696 is divided by 4841.
14
Calculate the remainder when 4869 is divided by 11.
7
What is the remainder when 59596 is divided by 392?
12
Calculate the remainder when 61538 is divided by 526.
522
What is the remainder when 55620 is divided by 29?
27
Calculate the remainder 